{"id":561,"date":"2016-09-08T15:57:14","date_gmt":"2016-09-08T13:57:14","guid":{"rendered":"http:\/\/www.comptoirvignobles.com\/dev\/en\/mentions-legales\/"},"modified":"2023-03-04T17:55:13","modified_gmt":"2023-03-04T16:55:13","slug":"mentions-legales","status":"publish","type":"page","link":"https:\/\/www.comptoirvignobles.com\/en\/mentions-legales\/","title":{"rendered":"Mentions l\u00e9gales"},"content":{"rendered":"<h4><\/h4>\n<p>This website is the property of the SARL COMPTOIR DES VIGNOBLES with a capital of 170\u00a0000\u20ac ,headquartered at; 1 RUE DES GIRONDINS,33\u00a0330 SAINT EMILION and registered under number: 335\u00a0145\u00a0447 at the, \u2018Registre du Commerce et des Societes de Bordeaux\u2019 .<\/p>\n<p>Comptoir des Vignobles V.A.T. number FR 2233 5145 447.<\/p>\n<p>This website was produced by Mr. ARNAUD MERIGEAU, headquartered at 20 RUE DE BETNOMS 33185 LE HAILLAN and registered under number 524\u00a0339\u00a0280 at the, \u2018Registre du Commerce et des Societes de Bordeaux\u2019 .<\/p>\n<p>Our website is hosted by the OVH company, a \u2018Societe par actions simplifiee\u2019 company with a capital of 10\u00a0069\u00a0020\u20ac, registered at \u2018Registre du Commerce et des Societes de Roubaix-Tourcoing\u2019 under number 424\u00a0761\u00a0419 00045, headquarted at; SIS 2 RUE KELLERMANN,59100 ROUBAIX, France.\u00a0 <a href=\"Http:\/\/www.ovh.com\">Http:\/\/www.ovh.com<\/a><\/p>\n<p>This site is governed by French and international authorship and intellectual property laws.<\/p>\n<p>Excessive alcohol consumption is harmful to your health. Drink responsibly.<\/p>\n<p>All rights reserved.<\/p>\n<p><strong><u>Director of Publishing \u2013 FREDERIC ROUSSEAU, General Manager SARL Comptoir des Vignobles, direction@comptoirvignobles.com\u00a0 \u00a0+33(0)5 57 246 110<\/u><\/strong><\/p>\n<p><strong><u>\u00a0<\/u><\/strong><\/p>\n<p><strong><u>Production: ARNAUD MERIGEAU, Freelancer<\/u><\/strong><\/p>\n<p><strong><u>\u00a0<\/u><\/strong><\/p>\n<p><strong><u>Photography: Comptoir des Vignobles<\/u><\/strong><\/p>\n","protected":false},"excerpt":{"rendered":"<p>This website is the property of the SARL COMPTOIR DES VIGNOBLES with a capital of 170\u00a0000\u20ac ,headquartered at; 1 RUE DES GIRONDINS,33\u00a0330 SAINT EMILION and registered under number: 335\u00a0145\u00a0447 at the, \u2018Registre du Commerce et des Societes de Bordeaux\u2019 . Comptoir des Vignobles V.A.T. number FR 2233 5145 447. This website was produced by Mr. [&hellip;]<\/p>\n","protected":false},"author":1,"featured_media":0,"parent":0,"menu_order":0,"comment_status":"closed","ping_status":"closed","template":"","meta":[],"yoast_head":"<!-- This site is optimized with the Yoast SEO plugin v19.2 - https:\/\/yoast.com\/wordpress\/plugins\/seo\/ -->\n<title>Mentions l\u00e9gales - Comptoir Des Vignobles<\/title>\n<meta name=\"robots\" content=\"index, follow, max-snippet:-1, max-image-preview:large, max-video-preview:-1\" \/>\n<link rel=\"canonical\" href=\"https:\/\/www.comptoirvignobles.com\/en\/mentions-legales\/\" \/>\n<meta property=\"og:locale\" content=\"en_US\" \/>\n<meta property=\"og:type\" content=\"article\" \/>\n<meta property=\"og:title\" content=\"Mentions l\u00e9gales - Comptoir Des Vignobles\" \/>\n<meta property=\"og:description\" content=\"This website is the property of the SARL COMPTOIR DES VIGNOBLES with a capital of 170\u00a0000\u20ac ,headquartered at; 1 RUE DES GIRONDINS,33\u00a0330 SAINT EMILION and registered under number: 335\u00a0145\u00a0447 at the, \u2018Registre du Commerce et des Societes de Bordeaux\u2019 . Comptoir des Vignobles V.A.T. number FR 2233 5145 447. This website was produced by Mr. [&hellip;]\" \/>\n<meta property=\"og:url\" content=\"https:\/\/www.comptoirvignobles.com\/en\/mentions-legales\/\" \/>\n<meta property=\"og:site_name\" content=\"Comptoir Des Vignobles\" \/>\n<meta property=\"article:publisher\" content=\"https:\/\/fr-fr.facebook.com\/ComptoirDesVignobles\/\" \/>\n<meta property=\"article:modified_time\" content=\"2023-03-04T16:55:13+00:00\" \/>\n<meta name=\"author\" content=\"cdv\" \/>\n<meta name=\"twitter:card\" content=\"summary\" \/>\n<meta name=\"twitter:label1\" content=\"Est. reading time\" \/>\n\t<meta name=\"twitter:data1\" content=\"1 minute\" \/>\n<script type=\"application\/ld+json\" class=\"yoast-schema-graph\">{\"@context\":\"https:\/\/schema.org\",\"@graph\":[{\"@type\":\"Organization\",\"@id\":\"https:\/\/www.comptoirvignobles.com\/#organization\",\"name\":\"Comptoir Des Vignobles\",\"url\":\"https:\/\/www.comptoirvignobles.com\/\",\"sameAs\":[\"https:\/\/fr-fr.facebook.com\/ComptoirDesVignobles\/\"],\"logo\":{\"@type\":\"ImageObject\",\"inLanguage\":\"en-US\",\"@id\":\"https:\/\/www.comptoirvignobles.com\/#\/schema\/logo\/image\/\",\"url\":\"http:\/\/www.comptoirvignobles.com\/wp-content\/uploads\/2016\/09\/logo.png\",\"contentUrl\":\"http:\/\/www.comptoirvignobles.com\/wp-content\/uploads\/2016\/09\/logo.png\",\"width\":478,\"height\":243,\"caption\":\"Comptoir Des Vignobles\"},\"image\":{\"@id\":\"https:\/\/www.comptoirvignobles.com\/#\/schema\/logo\/image\/\"}},{\"@type\":\"WebSite\",\"@id\":\"https:\/\/www.comptoirvignobles.com\/#website\",\"url\":\"https:\/\/www.comptoirvignobles.com\/\",\"name\":\"Comptoir Des Vignobles\",\"description\":\"N\u00e9gociant en vin fond\u00e9 en 1986 et caviste \u00e0 Saint-Emilion, sp\u00e9cialis\u00e9 dans les vieux mill\u00e9simes.\",\"publisher\":{\"@id\":\"https:\/\/www.comptoirvignobles.com\/#organization\"},\"potentialAction\":[{\"@type\":\"SearchAction\",\"target\":{\"@type\":\"EntryPoint\",\"urlTemplate\":\"https:\/\/www.comptoirvignobles.com\/?s={search_term_string}\"},\"query-input\":\"required name=search_term_string\"}],\"inLanguage\":\"en-US\"},{\"@type\":\"WebPage\",\"@id\":\"https:\/\/www.comptoirvignobles.com\/en\/mentions-legales\/#webpage\",\"url\":\"https:\/\/www.comptoirvignobles.com\/en\/mentions-legales\/\",\"name\":\"Mentions l\u00e9gales - Comptoir Des Vignobles\",\"isPartOf\":{\"@id\":\"https:\/\/www.comptoirvignobles.com\/#website\"},\"datePublished\":\"2016-09-08T13:57:14+00:00\",\"dateModified\":\"2023-03-04T16:55:13+00:00\",\"breadcrumb\":{\"@id\":\"https:\/\/www.comptoirvignobles.com\/en\/mentions-legales\/#breadcrumb\"},\"inLanguage\":\"en-US\",\"potentialAction\":[{\"@type\":\"ReadAction\",\"target\":[\"https:\/\/www.comptoirvignobles.com\/en\/mentions-legales\/\"]}]},{\"@type\":\"BreadcrumbList\",\"@id\":\"https:\/\/www.comptoirvignobles.com\/en\/mentions-legales\/#breadcrumb\",\"itemListElement\":[{\"@type\":\"ListItem\",\"position\":1,\"name\":\"Home\",\"item\":\"https:\/\/www.comptoirvignobles.com\/en\/\"},{\"@type\":\"ListItem\",\"position\":2,\"name\":\"Mentions l\u00e9gales\"}]}]}<\/script>\n<!-- \/ Yoast SEO plugin. -->","yoast_head_json":{"title":"Mentions l\u00e9gales - Comptoir Des Vignobles","robots":{"index":"index","follow":"follow","max-snippet":"max-snippet:-1","max-image-preview":"max-image-preview:large","max-video-preview":"max-video-preview:-1"},"canonical":"https:\/\/www.comptoirvignobles.com\/en\/mentions-legales\/","og_locale":"en_US","og_type":"article","og_title":"Mentions l\u00e9gales - Comptoir Des Vignobles","og_description":"This website is the property of the SARL COMPTOIR DES VIGNOBLES with a capital of 170\u00a0000\u20ac ,headquartered at; 1 RUE DES GIRONDINS,33\u00a0330 SAINT EMILION and registered under number: 335\u00a0145\u00a0447 at the, \u2018Registre du Commerce et des Societes de Bordeaux\u2019 . Comptoir des Vignobles V.A.T. number FR 2233 5145 447. This website was produced by Mr. [&hellip;]","og_url":"https:\/\/www.comptoirvignobles.com\/en\/mentions-legales\/","og_site_name":"Comptoir Des Vignobles","article_publisher":"https:\/\/fr-fr.facebook.com\/ComptoirDesVignobles\/","article_modified_time":"2023-03-04T16:55:13+00:00","author":"cdv","twitter_card":"summary","twitter_misc":{"Est. reading time":"1 minute"},"schema":{"@context":"https:\/\/schema.org","@graph":[{"@type":"Organization","@id":"https:\/\/www.comptoirvignobles.com\/#organization","name":"Comptoir Des Vignobles","url":"https:\/\/www.comptoirvignobles.com\/","sameAs":["https:\/\/fr-fr.facebook.com\/ComptoirDesVignobles\/"],"logo":{"@type":"ImageObject","inLanguage":"en-US","@id":"https:\/\/www.comptoirvignobles.com\/#\/schema\/logo\/image\/","url":"http:\/\/www.comptoirvignobles.com\/wp-content\/uploads\/2016\/09\/logo.png","contentUrl":"http:\/\/www.comptoirvignobles.com\/wp-content\/uploads\/2016\/09\/logo.png","width":478,"height":243,"caption":"Comptoir Des Vignobles"},"image":{"@id":"https:\/\/www.comptoirvignobles.com\/#\/schema\/logo\/image\/"}},{"@type":"WebSite","@id":"https:\/\/www.comptoirvignobles.com\/#website","url":"https:\/\/www.comptoirvignobles.com\/","name":"Comptoir Des Vignobles","description":"N\u00e9gociant en vin fond\u00e9 en 1986 et caviste \u00e0 Saint-Emilion, sp\u00e9cialis\u00e9 dans les vieux mill\u00e9simes.","publisher":{"@id":"https:\/\/www.comptoirvignobles.com\/#organization"},"potentialAction":[{"@type":"SearchAction","target":{"@type":"EntryPoint","urlTemplate":"https:\/\/www.comptoirvignobles.com\/?s={search_term_string}"},"query-input":"required name=search_term_string"}],"inLanguage":"en-US"},{"@type":"WebPage","@id":"https:\/\/www.comptoirvignobles.com\/en\/mentions-legales\/#webpage","url":"https:\/\/www.comptoirvignobles.com\/en\/mentions-legales\/","name":"Mentions l\u00e9gales - Comptoir Des Vignobles","isPartOf":{"@id":"https:\/\/www.comptoirvignobles.com\/#website"},"datePublished":"2016-09-08T13:57:14+00:00","dateModified":"2023-03-04T16:55:13+00:00","breadcrumb":{"@id":"https:\/\/www.comptoirvignobles.com\/en\/mentions-legales\/#breadcrumb"},"inLanguage":"en-US","potentialAction":[{"@type":"ReadAction","target":["https:\/\/www.comptoirvignobles.com\/en\/mentions-legales\/"]}]},{"@type":"BreadcrumbList","@id":"https:\/\/www.comptoirvignobles.com\/en\/mentions-legales\/#breadcrumb","itemListElement":[{"@type":"ListItem","position":1,"name":"Home","item":"https:\/\/www.comptoirvignobles.com\/en\/"},{"@type":"ListItem","position":2,"name":"Mentions l\u00e9gales"}]}]}},"_links":{"self":[{"href":"https:\/\/www.comptoirvignobles.com\/en\/wp-json\/wp\/v2\/pages\/561"}],"collection":[{"href":"https:\/\/www.comptoirvignobles.com\/en\/wp-json\/wp\/v2\/pages"}],"about":[{"href":"https:\/\/www.comptoirvignobles.com\/en\/wp-json\/wp\/v2\/types\/page"}],"author":[{"embeddable":true,"href":"https:\/\/www.comptoirvignobles.com\/en\/wp-json\/wp\/v2\/users\/1"}],"replies":[{"embeddable":true,"href":"https:\/\/www.comptoirvignobles.com\/en\/wp-json\/wp\/v2\/comments?post=561"}],"version-history":[{"count":3,"href":"https:\/\/www.comptoirvignobles.com\/en\/wp-json\/wp\/v2\/pages\/561\/revisions"}],"predecessor-version":[{"id":1633,"href":"https:\/\/www.comptoirvignobles.com\/en\/wp-json\/wp\/v2\/pages\/561\/revisions\/1633"}],"wp:attachment":[{"href":"https:\/\/www.comptoirvignobles.com\/en\/wp-json\/wp\/v2\/media?parent=561"}],"curies":[{"name":"wp","href":"https:\/\/api.w.org\/{rel}","templated":true}]}}

Mentions légales

<!-- This site is optimized with the Yoast SEO plugin v19.2 - https://yoast.com/wordpress/plugins/seo/ -->
<title>Mentions légales - Comptoir Des Vignobles</title>
<meta name="robots" content="index, follow, max-snippet:-1, max-image-preview:large, max-video-preview:-1" />
<link rel="canonical" href="https://www.comptoirvignobles.com/en/mentions-legales/" />
<meta property="og:locale" content="en_US" />
<meta property="og:type" content="article" />
<meta property="og:title" content="Mentions légales - Comptoir Des Vignobles" />
<meta property="og:description" content="This website is the property of the SARL COMPTOIR DES VIGNOBLES with a capital of 170 000€ ,headquartered at; 1 RUE DES GIRONDINS,33 330 SAINT EMILION and registered under number: 335 145 447 at the, ‘Registre du Commerce et des Societes de Bordeaux’ . Comptoir des Vignobles V.A.T. number FR 2233 5145 447. This website was produced by Mr. [&hellip;]" />
<meta property="og:url" content="https://www.comptoirvignobles.com/en/mentions-legales/" />
<meta property="og:site_name" content="Comptoir Des Vignobles" />
<meta property="article:publisher" content="https://fr-fr.facebook.com/ComptoirDesVignobles/" />
<meta property="article:modified_time" content="2023-03-04T16:55:13+00:00" />
<meta name="author" content="cdv" />
<meta name="twitter:card" content="summary" />
<meta name="twitter:label1" content="Est. reading time" />
	<meta name="twitter:data1" content="1 minute" />
<script type="application/ld+json" class="yoast-schema-graph">{"@context":"https://schema.org","@graph":[{"@type":"Organization","@id":"https://www.comptoirvignobles.com/#organization","name":"Comptoir Des Vignobles","url":"https://www.comptoirvignobles.com/","sameAs":["https://fr-fr.facebook.com/ComptoirDesVignobles/"],"logo":{"@type":"ImageObject","inLanguage":"en-US","@id":"https://www.comptoirvignobles.com/#/schema/logo/image/","url":"http://www.comptoirvignobles.com/wp-content/uploads/2016/09/logo.png","contentUrl":"http://www.comptoirvignobles.com/wp-content/uploads/2016/09/logo.png","width":478,"height":243,"caption":"Comptoir Des Vignobles"},"image":{"@id":"https://www.comptoirvignobles.com/#/schema/logo/image/"}},{"@type":"WebSite","@id":"https://www.comptoirvignobles.com/#website","url":"https://www.comptoirvignobles.com/","name":"Comptoir Des Vignobles","description":"Négociant en vin fondé en 1986 et caviste à Saint-Emilion, spécialisé dans les vieux millésimes.","publisher":{"@id":"https://www.comptoirvignobles.com/#organization"},"potentialAction":[{"@type":"SearchAction","target":{"@type":"EntryPoint","urlTemplate":"https://www.comptoirvignobles.com/?s={search_term_string}"},"query-input":"required name=search_term_string"}],"inLanguage":"en-US"},{"@type":"WebPage","@id":"https://www.comptoirvignobles.com/en/mentions-legales/#webpage","url":"https://www.comptoirvignobles.com/en/mentions-legales/","name":"Mentions légales - Comptoir Des Vignobles","isPartOf":{"@id":"https://www.comptoirvignobles.com/#website"},"datePublished":"2016-09-08T13:57:14+00:00","dateModified":"2023-03-04T16:55:13+00:00","breadcrumb":{"@id":"https://www.comptoirvignobles.com/en/mentions-legales/#breadcrumb"},"inLanguage":"en-US","potentialAction":[{"@type":"ReadAction","target":["https://www.comptoirvignobles.com/en/mentions-legales/"]}]},{"@type":"BreadcrumbList","@id":"https://www.comptoirvignobles.com/en/mentions-legales/#breadcrumb","itemListElement":[{"@type":"ListItem","position":1,"name":"Home","item":"https://www.comptoirvignobles.com/en/"},{"@type":"ListItem","position":2,"name":"Mentions légales"}]}]}</script>
<!-- / Yoast SEO plugin. -->

Mentions légales - Comptoir Des Vignobles

Négociant en vin fondé en 1986 et caviste à Saint-Emilion, spécialisé dans les vieux millésimes.
